33 = -4*d, -4*d + b + 92 + 51 = 0. Let x = -21 + d. Suppose -3*c + 560 = 2*c. Calculate the greatest common factor of x and c.
16
Let y(z) = 5*z**2 + 6*z + 7. Let r be y(-5). Calculate the highest common divisor of r and 6.
6
Let i(m) = -m**3 - 10*m**2 - 3*m - 2. Let c be i(-5). Let k = c - -78. Let y be (2 + 6/(-2))*k. Calculate the greatest common factor of y and 51.
17
Let f(j) = -j - 4. Let s be f(-6). Suppose -4*c + 160 = 4*b, 0*c + s*c = b - 46. Calculate the greatest common factor of 63 and b.
21
Let a = -19 + 50. Suppose -h - 2*y + 17 = 0, -h + 4*y + a = -y. Let g = -153 - -216. Calculate the highest common divisor of g and h.
21
Let r(q) = q**2 + 3*q + 2. Let y be r(-5). Let v = 47 + -34. Let t = -10 + v. What is the greatest common factor of t and y?
3
Suppose -l + 32 + 65 = -4*x, -5*l = -x - 428. Calculate the highest common factor of 850 and l.
85
Suppose 67*s + 114 = 70*s. Calculate the highest common factor of 2 and s.
2
Suppose -7*g - 122 + 437 = 0. Let k = 50 - g. Calculate the highest common factor of k and 20.
5
Suppose 0 = 5*s - 1347 - 1483. Let h = 907 - s. Calculate the highest common factor of 31 and h.
31
Let v be (9/6)/((-2)/(-1072)). Let r be 6/(-33) - v/(-66). What is the highest common factor of 96 and r?
12
Let q(d) = 85*d + 1. Let z(s) = 171*s + 3. Let j(p) = -5*q(p) + 3*z(p). Let b be j(1). Calculate the greatest common divisor of b and 23.
23
Let v = 214 - -362. What is the greatest common divisor of 48 and v?
48
Let n = -9 + 13. Suppose -k = 2*p - 2 - 7, -k + 13 = n*p. Let z(r) = 8*r. Let t be z(p). What is the greatest common factor of t and 16?
16
Let q = 47 - 69. Let k = -11 - q. Let y be (0 - 2) + (36 - 1). What is the greatest common divisor of k and y?
11
Let u(p) = 4*p**3 + p**2 - 2*p - 1. Let s be u(2). Suppose 3*z = 71 + s. Calculate the highest common divisor of z and 85.
17
Suppose 30*q = 25*q + 1100. Calculate the greatest common factor of 44 and q.
44
Let f be 6 - (-1)/(2/(-4)). Suppose 27 = -2*b + 93. Suppose -b = -2*k - 13. What is the greatest common factor of f and k?
2
Let w = -13 + 21. Let f be (2/(-3))/(1 + (-50)/48). What is the highest common divisor of w and f?
8
Suppose 12*p - 17*p = -25. Suppose h + p*h - 648 = 0. Calculate the greatest common factor of h and 18.
18
Suppose 0 = -2*u + r + 82, 58 = 2*u - 0*r + 5*r. Suppose -4*i + 36 = 2*a, 4*a + 3*i - 2*i = 100. Calculate the highest common divisor of u and a.
13
Let i(g) = 7*g**2 - 18*g + 41. Let h be i(3). Calculate the greatest common factor of h and 8.
2
Let p(z) = z**3 - 5*z**2 + 9*z - 6. Let x be (-6)/(12/(-4)) + 2. Let t be p(x). Let l = -1 - -8. Calculate the highest common factor of t and l.
7
Let o be 33 - (-1 + 9/(-3)). What is the highest common divisor of o and 703?
37
Suppose -3*p - 51 + 471 = 0. Suppose 10*c = 5*c + p. Let y = -5 - -19. Calculate the highest common divisor of y and c.
14
Suppose -31 = -l - 23. Let i be 2/5 - (-556)/10. What is the greatest common factor of i and l?
8
Let q(o) = 11 - 9 + 3*o**3 + 4*o**2 - 9*o - o**2. Let s be q(2). Calculate the greatest common factor of s and 280.
20
Suppose 2*p - 929 = -3*z, -9*z + 1864 = 4*p - 5*z. Calculate the greatest common factor of 67 and p.
67
Let u = 99 + -99. Suppose 6*o - 9 - 129 = u. Calculate the highest common factor of 253 and o.
23
Let h = 2399 + -1148. What is the greatest common factor of 9 and h?
9
Suppose -p = 4*w - 21, 4*w = -2*p - 3 + 25. Suppose w*i - i - 16 = 0. Suppose 0*j - i*j = -40. Calculate the highest common factor of j and 15.
5
Let q = 1147 + -995. What is the highest common factor of q and 380?
76
Let h = -871 + 1843. What is the greatest common divisor of 108 and h?
108
Suppose 45 = 4*r - 55. Let j = r + -12. Calculate the greatest common divisor of j and 104.
13
Let h be (-3)/6*24/(-2). Suppose c + 8 = -4*f + 2*f, 5*c = -4*f - 28. Let r = f + h. What is the greatest common divisor of 4 and r?
4
Let g = 31 - -2. Suppose -2*q + 7*q = -r + 42, 2*q = 3*r - 58. What is the highest common divisor of g and r?
11
Suppose 0 = -2*u + 8*u - 246. Calculate the greatest common divisor of 656 and u.
41
Suppose -6*h - 1211 = -7*h. Suppose -171 = 5*m - h. Calculate the greatest common factor of 26 and m.
26
Let n(r) = -r**2 + 20*r - 31. Let o be n(17). What is the greatest common divisor of 250 and o?
10
Suppose 3*s + 18 = 2*p, -5*p + 3*s = -48 + 12. What is the greatest common factor of p and 66?
6
Suppose 3*x + 4*o = 101, -3*x + 3*o + 38 = -2*x. Calculate the highest common factor of 10 and x.
5
Suppose 0 = -3*s - 0*s + 18. Let k(z) = z**3 - 10*z**2 - 11*z + 15. Suppose 2*v = v + 11. Let g be k(v). What is the greatest common factor of g and s?
3
Let h = -1738 + 2954. Calculate the greatest common factor of 456 and h.
152
Let n = 129 - 91. Suppose -2*u = g - n, -3*g + 32 + 52 = -4*u. What is the greatest common factor of g and 4?
4
Suppose -3*d + 383 - 39 = 2*r, -2*r + 458 = 4*d. Calculate the greatest common factor of d and 6.
6
Suppose 5*o - 321 = 79. Let t(d) = -3*d**2 + 3*d - 1. Let c be t(4). Let i = 69 + c. What is the highest common factor of o and i?
16
Suppose -5*q + 5*n + 161 + 209 = 0, -2*q = n - 148. Suppose 49 = m - 3*j, -m - j = -6*m + 189. Calculate the greatest common divisor of q and m.
37
Let y = -145 + 321. Suppose 0 = 17*w - 479 + 207. Calculate the highest common divisor of y and w.
16
Let l(q) = -q**3 - 16*q**2 - 17*q - 28. Let y be l(-15). Calculate the highest common factor of y and 22.
2
Suppose 121 = 5*g + 856. Let x be ((-12)/(-9))/((-7)/g). Calculate the highest common factor of 28 and x.
28
Suppose -1080 = -44*h + 29*h. What is the greatest common divisor of 16 and h?
8
Let a = -410 + 578. Calculate the greatest common divisor of 264 and a.
24
Suppose 2*z = 6*z - 216. Suppose -4*b - z = -3*u, 5*b - 4*u = -55 - 12. Let g = b + 25. Calculate the highest common divisor of 40 and g.
10
Suppose -5*u + 600 = 5*n, -2*u - n - 122 = -3*u. Calculate the highest common factor of u and 11.
11
Let z(l) = l**2 + 15*l + 4. Let a be z(-15). Let m(j) = j**2 - j - 6. Let b be m(-3). What is the highest common divisor of a and b?
2
Let x = 8 - 4. Suppose 4*l - 5*n - 217 - 38 = 0, 190 = 3*l - x*n. Let p = -3 + 13. What is the greatest common divisor of l and p?
10
Let c be (11 - 1)*(2 - 6/4). Suppose 5*d - c*p = 1175, -4 - 8 = 3*p. Calculate the highest common divisor of 21 and d.
21
Suppose -13*r + 89 = -80. Suppose 0*o + 6 = 3*o. Let i be 41 - (o - 2 - -2). What is the greatest common factor of i and r?
13
Let c be 100/(-7) - 14/(-49). Let t(q) = 2*q + 9 + 0 - 4 - q**2 - 17*q. Let s be t(c). What is the highest common divisor of 57 and s?
19
Let i(k) = 86*k + 425. Let b be i(8). Calculate the greatest common factor of b and 53.
53
Suppose 2*f - 2*p - 15 = -1, -4*p + 17 = 5*f. Calculate the greatest common factor of f and 35.
5
Let h = 77 - 72. Suppose -h*x = x - 768. What is the greatest common factor of x and 32?
32
Suppose 0 = -c - 7 + 6. Let a be (-500)/(-8) - (c - (-6)/4). What is the highest common divisor of a and 31?
31
Suppose 5*j - 37 - 13 = 0. Let x = j + -7. Suppose -x*n = -n - 26. Calculate the highest common factor of n and 39.
13
Let w = -2022 + 2092. What is the greatest common divisor of 220 and w?
10
Suppose 5*m = 5*u - 65, 4*u - 31 = -4*m + 13. Let n(f) = f + 25. Let p be n(11). What is the greatest common factor of p and u?
12
Let g = -145 - -218. Let s = 95 - g. What is the greatest common divisor of s and 110?
22
Let d(o) = 1 + 4*o + 2*o + 2*o**2 - 9. Let n be d(-6). Let z be (64/(-18) - -2)*(-9)/2. Calculate the highest common factor of z and n.
7
Suppose -9*b + 14*b = 340. Let t be ((-2)/(-4) + (-1)/4)*b. Calculate the highest common factor of 136 and t.
17
Let n(d) = -d**3 - 10*d**2 - 20*d - 19. Let a be n(-8). Let b be 80/(-12)*(1 + 5). Let s = 79 + b. Calculate the highest common factor of a and s.
13
Suppose -z - 2*z + 513 = 0. Let f = 9 - -10. What is the highest common divisor of z and f?
19
Suppose 20*t - 3000 = -10*t. Calculate the highest common divisor of 25 and t.
25
Suppose -12*k + 13*k - 4 = 0, 3*o + 4*k - 46 = 0. Calculate the greatest common divisor of o and 1170.
10
Let w = -642 + 903. What is the greatest common factor of 435 and w?
87
Let b(g) = -17*g - 236. Let z be b(-16). Calculate the highes